 the highest common divisor of 2337 and 912.
57
What is the highest common factor of 1040 and 2028624?
208
What is the greatest common factor of 18136 and 32?
8
What is the greatest common factor of 86280 and 42?
6
What is the highest common divisor of 582 and 2906702?
194
What is the highest common divisor of 244992 and 48?
48
Calculate the highest common factor of 1023 and 1897107.
93
What is the highest common divisor of 25753 and 14?
7
What is the greatest common divisor of 28836 and 220?
4
Calculate the highest common divisor of 20821 and 2021.
47
Calculate the highest common divisor of 170 and 161795.
5
What is the greatest common factor of 275 and 206375?
25
Calculate the greatest common factor of 22016 and 8192.
512
What is the highest common divisor of 28 and 14798?
14
What is the greatest common divisor of 2016820 and 40?
20
Calculate the greatest common factor of 2 and 1766.
2
Calculate the greatest common divisor of 26990 and 20.
10
Calculate the greatest common factor of 2560 and 215.
5
Calculate the highest common divisor of 772990 and 15.
5
What is the highest common divisor of 693 and 16247?
77
Calculate the highest common factor of 86 and 36249.
43
What is the highest common divisor of 2075509 and 97?
97
What is the highest common factor of 31633 and 14?
7
What is the greatest common divisor of 154774 and 76?
38
Calculate the greatest common divisor of 8270 and 5930.
10
What is the highest common divisor of 315 and 239435?
35
Calculate the highest common factor of 19 and 21014.
19
What is the greatest common factor of 175 and 25865?
35
Calculate the highest common divisor of 85 and 65382.
17
Calculate the highest common divisor of 52 and 28156.
4
Calculate the highest common factor of 308240 and 80.
80
What is the greatest common factor of 2923644 and 24?
12
What is the greatest common factor of 1120 and 1720?
40
Calculate the greatest common divisor of 152 and 697376.
152
Calculate the highest common factor of 7 and 1151129.
7
What is the greatest common divisor of 136169 and 33?
11
What is the highest common factor of 45387 and 87453?
1107
What is the highest common divisor of 88700 and 100?
100
Calculate the highest common divisor of 568 and 632.
8
Calculate the highest common divisor of 1109441 and 1101.
367
What is the greatest common divisor of 25040 and 240?
80
Calculate the highest common divisor of 1272 and 218964.
12
Calculate the highest common divisor of 70 and 5045.
5
What is the highest common divisor of 44490 and 30?
30
Calculate the highest common divisor of 260 and 12590.
10
Calculate the highest common factor of 13735 and 20.
5
Calculate the greatest common divisor of 60669 and 1498.
749
Calculate the highest common factor of 1820 and 26635.
35
What is the highest common factor of 5710668 and 24?
12
Calculate the highest common factor of 632 and 572.
4
What is the greatest common factor of 12 and 272?
4
Calculate the greatest common divisor of 500 and 4900.
100
What is the greatest common factor of 3012 and 1476?
12
What is the highest common factor of 2242247 and 92?
23
Calculate the greatest common factor of 24112 and 112.
16
What is the highest common divisor of 427 and 140196?
7
What is the greatest common divisor of 213369 and 39?
39
What is the highest common divisor of 11 and 104852?
11
What is the highest common divisor of 12700 and 1600?
100
Calculate the greatest common factor of 359797 and 662.
331
What is the greatest common factor of 8736 and 1352?
104
What is the highest common divisor of 3430 and 86240?
490
What is the greatest common divisor of 91874 and 1278?
142
Calculate the highest common factor of 2460 and 2880.
60
What is the highest common divisor of 44091 and 828?
207
What is the greatest common divisor of 856 and 778318?
214
Calculate the greatest common factor of 3344 and 19184.
176
What is the greatest common divisor of 94 and 156886?
94
Calculate the greatest common factor of 619507 and 2254.
49
What is the greatest common factor of 62020 and 20?
20
What is the greatest common factor of 11 and 202378?
11
What is the highest common factor of 8878 and 11194?
386
What is the greatest common divisor of 26158 and 373428?
902
Calculate the highest common divisor of 261 and 55883.
29
Calculate the highest common divisor of 32 and 17271296.
32
What is the greatest common divisor of 17488 and 12?
4
Calculate the highest common divisor of 88 and 5304.
8
Calculate the greatest common factor of 465 and 6285.
15
Calculate the greatest common divisor of 540 and 10140.
60
What is the greatest common divisor of 67625 and 3000?
125
Calculate the greatest common divisor of 10020 and 5640.
60
Calculate the greatest common divisor of 11868 and 2944.
92
Calculate the highest common factor of 370 and 109150.
370
What is the greatest common factor of 3740 and 2108?
68
Calculate the greatest common factor of 111524 and 16.
4
Calculate the highest common factor of 315810 and 4640.
290
Calculate the greatest common divisor of 19320 and 1656.
552
What is the greatest common factor of 582 and 21402?
6
Calculate the greatest common divisor of 542016 and 128.
64
What is the highest common divisor of 358985 and 61?
61
Calculate the greatest common factor of 592 and 12.
4
What is the highest common divisor of 55 and 18502?
11
What is the greatest common divisor of 32670 and 286?
22
What is the greatest common divisor of 134 and 13747462?
134
Calculate the greatest common factor of 296 and 838.
2
What is the highest common factor of 10919 and 1969?
179
Calculate the highest common divisor of 531 and 5996052.
531
Calculate the greatest common divisor of 6 and 13186.
2
What is the greatest common divisor of 15776 and 1120?
32
Calculate the highest common divisor of 2091 and 3567.
123
Calculate the greatest common divisor of 10994 and 92.
46
What is the highest common divisor of 5353 and 46561?
101
Calculate the greatest common factor of 48650 and 5950.
350
What is the highest common divisor of 475 and 294025?
475
What is the greatest common divisor of 1624 and 8584?
232
Calculate the greatest common factor of 3357315 and 5.
5
What is the highest common divisor of 8 and 20948?
4
Calculate the highest common factor of 616 and 281224.
8
What is the highest common divisor of 2890 and 290?
10
Calculate the greatest common divisor of 10888 and 20.
4
Calculate the greatest common factor of 27576 and 63.
9
Calculate the highest common divisor of 8834995 and 559.
559
Calculate the highest common factor of 6862 and 1081.
47
Calculate the greatest common divisor of 15606797 and 1583.
1583
What is the highest common factor of 3840 and 2640?
240
Calculate the highest common factor of 456104 and 33.
11
Calculate the highest common divisor of 777569 and 65.
13
Calculate the greatest common divisor of 201 and 97753.
67
Calculate the greatest common divisor of 976419 and 345.
69
Calculate the highest common divisor of 156 and 949052.
52
What is the highest common divisor of 20 and 1291540?
20
What is the highest common factor of 72 and 59805?
9
Calculate the highest common factor of 15120 and 225855.
945
Calculate the highest common divisor of 332502 and 6973.
367
What is the highest common divisor of 507 and 1209?
39
Calculate the highest common factor of 2363 and 306.
17
Calculate the greatest common factor of 3328 and 57024.
64
What is the highest common divisor of 19703 and 3904?
61
Calculate the highest common divisor of 49203 and 22176.
693
Calculate the highest common factor of 1774312 and 184.
184
Calculate the greatest common factor of 12234 and 6.
6
What is the highest common factor of 412524 and 36?
36
What is the highest common factor of 948 and 1812?
12
Calculate the highest common divisor of 1036630 and 1190.
70
What is the highest common divisor of 125 and 61?
1
Calculate the highest common factor of 78650 and 300.
50
Calculate the greatest common factor of 59 and 48439.
59
What is the highest common divisor of 3069188 and 856?
428
What is the greatest common factor of 156 and 81861?
39
Calculate the greatest common factor of 14 and 3549.
7
Calculate the highest common divisor of 10 and 136270.
10
What is the greatest common divisor of 4232 and 322?
46
What is the highest common divisor of 14498 and 1050446?
1318